 divided by 44?
41
What is the remainder when 71 is divided by 60?
11
What is the remainder when 20 is divided by 5?
0
What is the remainder when 523 is divided by 66?
61
Calculate the remainder when 3445 is divided by 115.
110
What is the remainder when 229 is divided by 212?
17
What is the remainder when 444 is divided by 60?
24
What is the remainder when 13769 is divided by 44?
41
Calculate the remainder when 159 is divided by 10.
9
What is the remainder when 48 is divided by 18?
12
What is the remainder when 631 is divided by 56?
15
Calculate the remainder when 534 is divided by 104.
14
What is the remainder when 178 is divided by 22?
2
What is the remainder when 155 is divided by 43?
26
Calculate the remainder when 188 is divided by 49.
41
What is the remainder when 375 is divided by 255?
120
What is the remainder when 1068 is divided by 136?
116
Calculate the remainder when 130 is divided by 27.
22
What is the remainder when 79 is divided by 49?
30
What is the remainder when 1344 is divided by 1338?
6
What is the remainder when 1822 is divided by 19?
17
Calculate the remainder when 562 is divided by 6.
4
What is the remainder when 323 is divided by 9?
8
What is the remainder when 662 is divided by 218?
8
Calculate the remainder when 1171 is divided by 1.
0
What is the remainder when 3327 is divided by 15?
12
What is the remainder when 235 is divided by 40?
35
Calculate the remainder when 255 is divided by 107.
41
Calculate the remainder when 101 is divided by 13.
10
Calculate the remainder when 207 is divided by 46.
23
Calculate the remainder when 2140 is divided by 430.
420
Calculate the remainder when 1134 is divided by 165.
144
Calculate the remainder when 425 is divided by 10.
5
Calculate the remainder when 110 is divided by 42.
26
What is the remainder when 18 is divided by 10?
8
Calculate the remainder when 598 is divided by 60.
58
Calculate the remainder when 245 is divided by 31.
28
What is the remainder when 711 is divided by 21?
18
What is the remainder when 1485 is divided by 344?
109
Calculate the remainder when 158 is divided by 27.
23
What is the remainder when 359 is divided by 19?
17
Calculate the remainder when 3003 is divided by 97.
93
What is the remainder when 1829 is divided by 41?
25
What is the remainder when 757 is divided by 11?
9
Calculate the remainder when 1228 is divided by 88.
84
Calculate the remainder when 727 is divided by 56.
55
What is the remainder when 10554 is divided by 23?
20
What is the remainder when 52 is divided by 11?
8
What is the remainder when 325 is divided by 41?
38
Calculate the remainder when 5994 is divided by 107.
2
What is the remainder when 1556 is divided by 9?
8
What is the remainder when 658 is divided by 21?
7
What is the remainder when 117 is divided by 30?
27
What is the remainder when 47 is divided by 6?
5
Calculate the remainder when 432 is divided by 74.
62
What is the remainder when 1006 is divided by 289?
139
What is the remainder when 1508 is divided by 375?
8
What is the remainder when 346 is divided by 71?
62
Calculate the remainder when 100 is divided by 40.
20
What is the remainder when 1072 is divided by 263?
20
What is the remainder when 1172 is divided by 169?
158
What is the remainder when 1052 is divided by 280?
212
What is the remainder when 738 is divided by 74?
72
What is the remainder when 389 is divided by 385?
4
Calculate the remainder when 8052 is divided by 45.
42
Calculate the remainder when 95 is divided by 32.
31
What is the remainder when 17099 is divided by 45?
44
Calculate the remainder when 311 is divided by 8.
7
What is the remainder when 506 is divided by 42?
2
Calculate the remainder when 118 is divided by 36.
10
Calculate the remainder when 1145 is divided by 10.
5
What is the remainder when 189 is divided by 19?
18
Calculate the remainder when 66 is divided by 23.
20
What is the remainder when 108 is divided by 104?
4
Calculate the remainder when 54 is divided by 24.
6
What is the remainder when 334 is divided by 334?
0
What is the remainder when 481 is divided by 263?
218
Calculate the remainder when 236 is divided by 28.
12
What is the remainder when 1046 is divided by 74?
10
What is the remainder when 933 is divided by 52?
49
What is the remainder when 251 is divided by 4?
3
Calculate the remainder when 279 is divided by 15.
9
Calculate the remainder when 4413 is divided by 23.
20
Calculate the remainder when 505 is divided by 131.
112
What is the remainder when 63 is divided by 8?
7
What is the remainder when 13837 is divided by 173?
170
What is the remainder when 951 is divided by 34?
33
What is the remainder when 188 is divided by 30?
8
Calculate the remainder when 62 is divided by 21.
20
Calculate the remainder when 223 is divided by 15.
13
What is the remainder when 104 is divided by 17?
2
Calculate the remainder when 1966 is divided by 975.
16
Calculate the remainder when 181 is divided by 143.
38
Calculate the remainder when 1510 is divided by 84.
82
Calculate the remainder when 30 is divided by 12.
6
Calculate the remainder when 256 is divided by 52.
48
Calculate the remainder when 28520 is divided by 17.
11
What is the remainder when 257 is divided by 90?
77
Calculate the remainder when 1427 is divided by 11.
8
Calculate the remainder when 5901 is divided by 13.
12
What is the remainder when 253 is divided by 45?
28
Calculate the remainder when 360 is divided by 97.
69
Calculate the remainder when 949 is divided by 17.
14
What is the remainder when 229 is divided by 217?
12
What is the remainder when 1178 is divided by 59?
57
Calculate the remainder when 399 is divided by 81.
75
Calculate the remainder when 550 is divided by 213.
124
What is the remainder when 453 is divided by 51?
45
What is the remainder when 930 is divided by 36?
30
Calculate the remainder when 2586 is divided by 13.
12
Calculate the remainder when 219 is divided by 76.
67
What is the remainder when 195 is divided by 25?
20
What is the remainder when 2255 is divided by 450?
5
Calculate the remainder when 25 is divided by 17.
8
What is the remainder when 536 is divided by 102?
26
Calculate the remainder when 596 is divided by 56.
36
Calculate the remainder when 33 is divided by 13.
7
What is the remainder when 179 is divided by 42?
11
What is the remainder when 353 is divided by 71?
69
Calculate the remainder when 205 is divided by 70.
65
Calculate the remainder when 589 is divided by 158.
115
Calculate the remainder when 13167 is divided by 16.
15
What is the remainder when 35 is divided by 14?
7
What is the remainder when 1846 is divided by 43?
40
Calculate the remainder when 2621 is divided by 8.
5
Calculate the remainder when 90 is divided by 13.
12
Calculate the remainder when 182 is divided by 24.
14
What is the remainder when 103 is divided by 60?
43
What is the remainder when 497 is divided by 78?
29
Calculate the remainder when 4084 is divided by 61.
58
What is the remainder when 431 is divided by 88?
79
Calculate the remainder when 114 is divided by 20.
14
What is the remainder when 687 is divided by 398?
289
What is the remainder when 895 is divided by 8?
7
Calculate the remainder when 513 is divided by 129.
126
What is the remainder when 813 is divided by 17?
14
Calculate the remainder when 559 is divided by 47.
42
What is the remainder when 92 is divided by 36?
20
Calculate the remainder when 68 is divided by 26.
16
Calculate the remainder when 895 is divided by 45.
40
What is the remainder when 2256 is divided by 324?
312
What is the remainder when 1466 is divided by 98?
94
Calculate the remainder when 90 is divided by 23.
21
What is the remainder when 1843 is divided by 9?
7
Calculate the remainder when 3131 is divided by 15.
11
What is the remainder when 22114 is divided by 97?
95
What is the remainder when 659 is divided by 115?
84
Calculate the remainder when 96 is divided by 57.
39
What is the remainder when 386 is divided by 120?
26
What is the remainder when 186 is divided by 21?
18
Calculate the remainder when 6115 is divided by 14.
11
What is the remainder when 251 is divided by 18?
17
Calculate the remainder when 354 is divided by 36.
30
What is the remainder when 285 is divided by 94?
3
What is the remainder when 220 is divided by 8